{"id":483,"date":"2026-03-02T14:00:59","date_gmt":"2026-03-02T14:00:59","guid":{"rendered":"https:\/\/seonet.codeyuzu.com\/sngnp\/?page_id=483"},"modified":"2026-03-02T14:06:36","modified_gmt":"2026-03-02T14:06:36","slug":"politica-de-privacidad-y-uso-de-datos","status":"publish","type":"page","link":"https:\/\/seonet.codeyuzu.com\/sngnp\/politica-de-privacidad-y-uso-de-datos\/","title":{"rendered":"Pol\u00edtica de privacidad y uso de datos"},"content":{"rendered":"\t\t<div data-elementor-type=\"wp-page\" data-elementor-id=\"483\" class=\"elementor elementor-483\" data-elementor-post-type=\"page\">\n\t\t\t\t<div class=\"elementor-element elementor-element-aed6cc1 e-flex e-con-boxed e-con e-parent\" data-id=\"aed6cc1\" data-element_type=\"container\" data-e-type=\"container\">\n\t\t\t\t\t<div class=\"e-con-inner\">\n\t\t\t\t<div class=\"elementor-element elementor-element-8f814bc elementor-widget elementor-widget-text-editor\" data-id=\"8f814bc\" data-element_type=\"widget\" data-e-type=\"widget\" data-widget_type=\"text-editor.default\">\n\t\t\t\t<div class=\"elementor-widget-container\">\n\t\t\t\t\t\t\t\t\t<h1 data-start=\"207\" data-end=\"248\">Pol\u00edtica de privacidad<\/h1>\n<h2 data-start=\"255\" data-end=\"270\">Introducci\u00f3n<\/h2>\n<p data-start=\"272\" data-end=\"519\">En SiNoGanaNoPaga nos comprometemos a proteger la privacidad de nuestros usuarios y la seguridad de sus datos personales. Esta Pol\u00edtica describe c\u00f3mo recopilamos, usamos, almacenamos y protegemos la informaci\u00f3n entregada al utilizar la plataforma.<\/p>\n<h2 data-start=\"526\" data-end=\"562\">1. Protecci\u00f3n de Datos Personales<\/h2>\n<p data-start=\"564\" data-end=\"954\">SiNoGanaNoPaga adopta las medidas t\u00e9cnicas y organizativas necesarias para proteger la seguridad de tus datos personales, con el fin de evitar la p\u00e9rdida, mal uso, alteraci\u00f3n, acceso no autorizado o apropiaci\u00f3n indebida de tus datos personales, conforme a la Ley N\u00b0 19.496 sobre Protecci\u00f3n de los Derechos de los Consumidores y la Ley N\u00b0 19.628 sobre Protecci\u00f3n de la Vida Privada de Chile.<br><br><\/p>\n<h2 data-start=\"961\" data-end=\"988\">2. Recopilaci\u00f3n de Datos<\/h2>\n<p data-start=\"990\" data-end=\"1123\">Recopilamos datos personales cuando los usuarios se registran en el sitio web, completan formularios o interact\u00faan con los servicios.<\/p>\n<p data-start=\"1125\" data-end=\"1210\"><strong data-start=\"1125\" data-end=\"1155\">Para los usuarios Clientes<\/strong>, los datos recopilados incluyen, pero no se limitan a:<\/p>\n<ul data-start=\"1211\" data-end=\"1326\">\n<li data-start=\"1211\" data-end=\"1224\">\n<p data-start=\"1213\" data-end=\"1224\">el nombre<\/p>\n<\/li>\n<li data-start=\"1225\" data-end=\"1260\">\n<p data-start=\"1227\" data-end=\"1260\">direcci\u00f3n de correo electr\u00f3nico<\/p>\n<\/li>\n<li data-start=\"1261\" data-end=\"1326\">\n<p data-start=\"1263\" data-end=\"1326\">detalles relacionados con los servicios legales que solicitas<\/p>\n<\/li>\n<\/ul>\n<p data-start=\"1328\" data-end=\"1413\"><strong data-start=\"1328\" data-end=\"1358\">Para los usuarios Abogados<\/strong>, los datos recopilados incluyen, pero no se limitan a:<\/p>\n<ul data-start=\"1414\" data-end=\"1549\">\n<li data-start=\"1414\" data-end=\"1427\">\n<p data-start=\"1416\" data-end=\"1427\">el nombre<\/p>\n<\/li>\n<li data-start=\"1428\" data-end=\"1463\">\n<p data-start=\"1430\" data-end=\"1463\">direcci\u00f3n de correo electr\u00f3nico<\/p>\n<\/li>\n<li data-start=\"1464\" data-end=\"1503\">\n<p data-start=\"1466\" data-end=\"1503\">informaci\u00f3n profesional y acad\u00e9mica<\/p>\n<\/li>\n<li data-start=\"1504\" data-end=\"1533\">\n<p data-start=\"1506\" data-end=\"1533\">redes sociales (opcional)<\/p>\n<\/li>\n<li data-start=\"1534\" data-end=\"1549\">\n<p data-start=\"1536\" data-end=\"1549\">entre otros<br><br><\/p>\n<\/li>\n<\/ul>\n<h2 data-start=\"1556\" data-end=\"1571\">3. Finalidad<\/h2>\n<p data-start=\"1573\" data-end=\"1623\">Los datos personales recopilados se utilizan para:<\/p>\n<ul data-start=\"1625\" data-end=\"1999\">\n<li data-start=\"1625\" data-end=\"1693\">\n<p data-start=\"1627\" data-end=\"1693\">Evaluar jur\u00eddicamente los casos que son subidos por los usuarios<\/p>\n<\/li>\n<li data-start=\"1694\" data-end=\"1730\">\n<p data-start=\"1696\" data-end=\"1730\">deriver los casos a los abogados<\/p>\n<\/li>\n<li data-start=\"1731\" data-end=\"1769\">\n<p data-start=\"1733\" data-end=\"1769\">permiri contacto abogado \u2013 usuario<\/p>\n<\/li>\n<li data-start=\"1770\" data-end=\"1820\">\n<p data-start=\"1772\" data-end=\"1820\">prestar nuestros servicios de manera eficiente<\/p>\n<\/li>\n<li data-start=\"1821\" data-end=\"1921\">\n<p data-start=\"1823\" data-end=\"1921\">Enviar informaci\u00f3n relevante, actualizaciones y promociones sobre nuestros productos y servicios<\/p>\n<\/li>\n<li data-start=\"1922\" data-end=\"1999\">\n<p data-start=\"1924\" data-end=\"1999\">Mejorar la experiencia del usuario y personalizar los servicios ofrecidos<br><br><\/p>\n<\/li>\n<\/ul>\n<h2 data-start=\"2006\" data-end=\"2024\">4. Uso de Datos<\/h2>\n<p data-start=\"2026\" data-end=\"2218\">SiNoGanaNoPaga, se compromete a mantener la confidencialidad de los datos personales que recibe. SiNoGanaNoPaga no vende, alquila ni transfiere los datos personales de sus usuarios a terceros.<\/p>\n<p data-start=\"2220\" data-end=\"2384\">Sin embargo, podemos utilizar esta informaci\u00f3n de manera interna para fines estad\u00edsticos, an\u00e1lisis de perfiles de usuarios y mejora continua de nuestros servicios.<br><br><\/p>\n<h2 data-start=\"2391\" data-end=\"2405\">5. Derechos<\/h2>\n<p data-start=\"2407\" data-end=\"2538\">Cada abogado o usuario tiene los derechos de acceso, rectificaci\u00f3n, cancelaci\u00f3n y oposici\u00f3n (ARCO) respecto a sus datos personales.<\/p>\n<p data-start=\"2540\" data-end=\"2623\">Puede ejercer estos derechos en cualquier momento enviando un correo electr\u00f3nico a:<\/p>\n<p data-start=\"2625\" data-end=\"2655\"><strong data-start=\"2625\" data-end=\"2655\"><a class=\"decorated-link cursor-pointer\" rel=\"noopener\" data-start=\"2627\" data-end=\"2653\">contacto@sinogananopaga.cl<br><br><\/a><\/strong><\/p>\n<h2 data-start=\"2662\" data-end=\"2705\">6. Responsabilidad del usuario &#8211; abogado<\/h2>\n<p data-start=\"2707\" data-end=\"2745\">El Usuario y abogado se comprometen a:<\/p>\n<ul data-start=\"2747\" data-end=\"3066\">\n<li data-start=\"2747\" data-end=\"2792\">\n<p data-start=\"2749\" data-end=\"2792\">Navegar por nuestro sitio web de buena fe<\/p>\n<\/li>\n<li data-start=\"2793\" data-end=\"2908\">\n<p data-start=\"2795\" data-end=\"2908\">Garantizar la autenticidad y exactitud de los datos proporcionados, manteni\u00e9ndolos actualizados en todo momento<\/p>\n<\/li>\n<li data-start=\"2909\" data-end=\"3066\">\n<p data-start=\"2911\" data-end=\"3066\">Ser responsable de cualquier falsedad o inexactitud en la informaci\u00f3n que proporcione, y de los perjuicios que pueda causar a SiNoGanaNoPaga o a terceros<\/p>\n<\/li>\n<\/ul>\n<p data-start=\"3068\" data-end=\"3255\">El Usuario y abogado tambi\u00e9n es responsable de la seguridad de sus contrase\u00f1as y credenciales de acceso. Debe asegurarse de que estos datos no sean accesibles por terceros no autorizados.<br><br><\/p>\n<h2 data-start=\"3262\" data-end=\"3275\">7. Cookies<\/h2>\n<p data-start=\"3277\" data-end=\"3520\">SiNoGanaNoPaga utiliza cookies para mejorar la experiencia de navegaci\u00f3n en el sitio web. Las cookies son peque\u00f1os archivos que se almacenan en el dispositivo del usuario para recordar preferencias y facilitar la navegaci\u00f3n en futuras visitas.<\/p>\n<p data-start=\"3522\" data-end=\"3644\">Las cookies no recogen informaci\u00f3n personal identificable, sino que se utilizan de manera an\u00f3nima para fines estad\u00edsticos.<br><br><\/p>\n<h3 data-start=\"3646\" data-end=\"3674\">Configuraci\u00f3n de Cookies<\/h3>\n<p data-start=\"3676\" data-end=\"3929\">Un usuario puede configurar su navegador para recibir una notificaci\u00f3n sobre el uso de cookies y para bloquear su instalaci\u00f3n si as\u00ed lo prefiere. Debe tener en cuenta que, si bloquea las cookies, algunas funcionalidades del sitio pueden verse afectadas.<br><br><\/p>\n<h2 data-start=\"3936\" data-end=\"3949\">8. Correos<\/h2>\n<p data-start=\"3951\" data-end=\"4130\">El env\u00edo de correos electr\u00f3nicos con fines promocionales o informativos se realizar\u00e1 \u00fanicamente con tu consentimiento expreso y en casos que cuyo contenido se considere relevante.<\/p>\n<p data-start=\"4132\" data-end=\"4285\">En cualquier momento el usuario podr\u00e1 cancelar la suscripci\u00f3n a estos correos electr\u00f3nicos comunic\u00e1ndose con el equipo a trav\u00e9s de alguno de los canales.<\/p>\n<p data-start=\"4287\" data-end=\"4344\">No practicamos el env\u00edo de correos no solicitados (SPAM).<br><br><\/p>\n<h2 data-start=\"4351\" data-end=\"4373\">8. Confidencialidad<\/h2>\n<p data-start=\"4375\" data-end=\"4459\">SiNoGanaNoPaga se compromete a mantener la confidencialidad de los datos personales.<\/p>\n<p data-start=\"4461\" data-end=\"4666\">No obstante, los usuarios aceptan que SiNoGanaNoPaga puede utilizar y compartir la informaci\u00f3n no personal para fines estad\u00edsticos, comerciales o de an\u00e1lisis sin identificar a los usuarios individualmente.<br><br><\/p>\n<h2 data-start=\"4673\" data-end=\"4693\">9. Modificaciones<\/h2>\n<p data-start=\"4695\" data-end=\"4878\">SiNoGanaNoPaga se reserva el derecho de modificar esta Pol\u00edtica de Privacidad en cualquier momento, con el fin de adaptarla a cambios en la legislaci\u00f3n o mejoras en nuestros procesos.<\/p>\n<p data-start=\"4880\" data-end=\"4967\">Cualquier cambio ser\u00e1 publicado en esta p\u00e1gina y entrar\u00e1 en vigor desde su publicaci\u00f3n.<br><br><\/p>\n<h2 data-start=\"4974\" data-end=\"4988\">9. Contacto<\/h2>\n<p data-start=\"4990\" data-end=\"5147\">Cualquier pregunta o inquietud sobre la Pol\u00edtica de Privacidad o el tratamiento de los datos personales, por favor cont\u00e1ctanos a trav\u00e9s del siguiente correo:<\/p>\n<p data-start=\"5149\" data-end=\"5179\"><strong data-start=\"5149\" data-end=\"5179\"><a class=\"decorated-link cursor-pointer\" rel=\"noopener\" data-start=\"5151\" data-end=\"5177\">contacto@sinogananopaga.cl<\/a><\/strong><\/p>\t\t\t\t\t\t\t\t<\/div>\n\t\t\t\t<\/div>\n\t\t\t\t\t<\/div>\n\t\t\t\t<\/div>\n\t\t\t\t<\/div>\n\t\t","protected":false},"excerpt":{"rendered":"<p>Pol\u00edtica de privacidad Introducci\u00f3n En SiNoGanaNoPaga nos comprometemos a proteger la privacidad de nuestros usuarios y la seguridad de sus datos personales. Esta Pol\u00edtica describe c\u00f3mo recopilamos, usamos, almacenamos y protegemos la informaci\u00f3n entregada al utilizar la plataforma. 1. Protecci\u00f3n de Datos Personales SiNoGanaNoPaga adopta las medidas t\u00e9cnicas y organizativas necesarias para proteger la seguridad [&hellip;]<\/p>\n","protected":false},"author":2,"featured_media":0,"parent":0,"menu_order":0,"comment_status":"closed","ping_status":"closed","template":"","meta":{"_joinchat":[],"footnotes":""},"class_list":["post-483","page","type-page","status-publish","hentry"],"_hostinger_reach_plugin_has_subscription_block":false,"_hostinger_reach_plugin_is_elementor":false,"_links":{"self":[{"href":"https:\/\/seonet.codeyuzu.com\/sngnp\/wp-json\/wp\/v2\/pages\/483","targetHints":{"allow":["GET"]}}],"collection":[{"href":"https:\/\/seonet.codeyuzu.com\/sngnp\/wp-json\/wp\/v2\/pages"}],"about":[{"href":"https:\/\/seonet.codeyuzu.com\/sngnp\/wp-json\/wp\/v2\/types\/page"}],"author":[{"embeddable":true,"href":"https:\/\/seonet.codeyuzu.com\/sngnp\/wp-json\/wp\/v2\/users\/2"}],"replies":[{"embeddable":true,"href":"https:\/\/seonet.codeyuzu.com\/sngnp\/wp-json\/wp\/v2\/comments?post=483"}],"version-history":[{"count":7,"href":"https:\/\/seonet.codeyuzu.com\/sngnp\/wp-json\/wp\/v2\/pages\/483\/revisions"}],"predecessor-version":[{"id":491,"href":"https:\/\/seonet.codeyuzu.com\/sngnp\/wp-json\/wp\/v2\/pages\/483\/revisions\/491"}],"wp:attachment":[{"href":"https:\/\/seonet.codeyuzu.com\/sngnp\/wp-json\/wp\/v2\/media?parent=483"}],"curies":[{"name":"wp","href":"https:\/\/api.w.org\/{rel}","templated":true}]}}